{"version":"1.0","provider_name":"Moros i Cristians Oliva","provider_url":"https:\/\/olivamorosicristians.es\/es","author_name":"Webmaster","author_url":"https:\/\/olivamorosicristians.es\/es\/author\/salva\/","title":"Filada Contrabandistes - Moros i Cristians Oliva","type":"rich","width":600,"height":338,"html":"<blockquote class=\"wp-embedded-content\" data-secret=\"2wGep7GujM\"><a href=\"https:\/\/olivamorosicristians.es\/es\/portfolio-item\/contrabandistes\/\">Filada Contrabandistes<\/a><\/blockquote><iframe sandbox=\"allow-scripts\" security=\"restricted\" src=\"https:\/\/olivamorosicristians.es\/es\/portfolio-item\/contrabandistes\/embed\/#?secret=2wGep7GujM\" width=\"600\" height=\"338\" title=\"\u00abFilada Contrabandistes\u00bb \u2014 Moros i Cristians Oliva\" data-secret=\"2wGep7GujM\" frameborder=\"0\" marginwidth=\"0\" marginheight=\"0\" scrolling=\"no\" class=\"wp-embedded-content\"><\/iframe><script type=\"text\/javascript\">\n\/* <![CDATA[ *\/\n\/*! This file is auto-generated *\/\n!function(d,l){\"use strict\";l.querySelector&&d.addEventListener&&\"undefined\"!=typeof URL&&(d.wp=d.wp||{},d.wp.receiveEmbedMessage||(d.wp.receiveEmbedMessage=function(e){var t=e.data;if((t||t.secret||t.message||t.value)&&!\/[^a-zA-Z0-9]\/.test(t.secret)){for(var s,r,n,a=l.querySelectorAll('iframe[data-secret=\"'+t.secret+'\"]'),o=l.querySelectorAll('blockquote[data-secret=\"'+t.secret+'\"]'),c=new RegExp(\"^https?:$\",\"i\"),i=0;i<o.length;i++)o[i].style.display=\"none\";for(i=0;i<a.length;i++)s=a[i],e.source===s.contentWindow&&(s.removeAttribute(\"style\"),\"height\"===t.message?(1e3<(r=parseInt(t.value,10))?r=1e3:~~r<200&&(r=200),s.height=r):\"link\"===t.message&&(r=new URL(s.getAttribute(\"src\")),n=new URL(t.value),c.test(n.protocol))&&n.host===r.host&&l.activeElement===s&&(d.top.location.href=t.value))}},d.addEventListener(\"message\",d.wp.receiveEmbedMessage,!1),l.addEventListener(\"DOMContentLoaded\",function(){for(var e,t,s=l.querySelectorAll(\"iframe.wp-embedded-content\"),r=0;r<s.length;r++)(t=(e=s[r]).getAttribute(\"data-secret\"))||(t=Math.random().toString(36).substring(2,12),e.src+=\"#?secret=\"+t,e.setAttribute(\"data-secret\",t)),e.contentWindow.postMessage({message:\"ready\",secret:t},\"*\")},!1)))}(window,document);\n\/\/# sourceURL=https:\/\/olivamorosicristians.es\/wp-includes\/js\/wp-embed.min.js\n\/* ]]> *\/\n<\/script>","thumbnail_url":"https:\/\/olivamorosicristians.es\/wp-content\/uploads\/2018\/01\/Destacat-Contrabandistes.jpg","thumbnail_width":1300,"thumbnail_height":975,"description":"Despr\u00e9s d&#8217;investigar en diversos llibres i articles sobre l&#8217;empremta i or\u00edgens de la nostra hist\u00f2ria voldria destacar les paraules d&#8217;escriptors que fan res\u00f3 del bandolerisme per entendre millor el terme Contrabandista. Com deia Manuel Ardit, \u00abel desassossec camperol, \u00e9s almenys al Pa\u00eds Valenci\u00e0, un dels trets caracter\u00edstics de la crisi de l\u2019Antic R\u00e8gim\u00bb,i aquest desassossec [&hellip;]"}

Després d&#8217;investigar en diversos llibres i articles sobre l&#8217;empremta i orígens de la nostra història voldria destacar les paraules d&#8217;escriptors que fan resó del bandolerisme per entendre millor el terme Contrabandista. Com deia Manuel Ardit, «el desassossec camperol, és almenys al País Valencià, un dels trets característics de la crisi de l’Antic Règim»,i aquest desassossec [&hellip;]
